tive of v**4/12 + v**3/2 + 2203*v**2/2 + 6*v - 3. Is h(0) composite?
False
Let d = 33 - 33. Let v be ((-4)/(-1))/((-26)/(-91)). Suppose d = 5*z - v - 2301. Is z a composite number?
False
Let t(c) = 378*c**2 + 3*c - 2. Let j(a) = 11*a - 98. Let k be j(9). Is t(k) a prime number?
True
Let v(l) = 7*l**3 - l**2 + 3*l + 22. Let s(n) = -6*n**3 - 3*n - 22. Let q(i) = 4*s(i) + 3*v(i). Let k be (-4 + -2)*(-27)/(-18)*1. Is q(k) prime?
True
Suppose 4*w - 5*k - 2468 - 1364 = 0, -3*k = 12. Suppose -138 - w = -l. Let a = l - -270. Is a a composite number?
False
Let x(r) = -6494*r - 4229. Is x(-9) composite?
False
Let w(v) = v + 631. Let z(b) = 44*b - 22*b**3 + 15*b**3 + 20*b**2 + 6*b**3. Let q be z(22). Is w(q) composite?
False
Let n(k) = 2*k - 1. Let b(u) = -74*u + 3. Let t(f) = b(f) - 2*n(f). Is t(-2) a prime number?
False
Let u be (-36)/(-8) - (-2)/(-4). Suppose -u*o = -5*a - 8*o + 2805, 2*a = o + 1135. Let n = 1452 - a. Is n a prime number?
True
Suppose -24456389 = -565*t + 18377292 + 6025824. Is t a composite number?
False
Let l be 4 + ((-1248432)/(-14) - (-20)/70). Is l - (-35)/5 - -4 prime?
True
Let q = -95 - -143. Is q/128 + (-4058)/(-16) composite?
True
Let o = 20921 - -42470. Suppose -161915 - o = -18*z. Is z a prime number?
True
Let v = 30282 + -2059. Let h = v - 16558. Is h a composite number?
True
Suppose -22*s + 1178982 = 32*s. Is s prime?
False
Let a be 1172/(-3)*(-129)/(-86). Let r = a + 1001. Is r a composite number?
True
Suppose -21 = -5*u - 1791. Suppose -5*l = 25, 7*l + 670 = -k + 4*l. Let d = u - k. Is d a prime number?
False
Suppose 130532 + 47023 = 2*x - 65119. Is x a prime number?
False
Let p be ((-29)/87)/(1/(-6)). Suppose -q - 995 = -p*n, -4*n + 1224 = 3*q - 781. Is n a composite number?
False
Let m(b) = -460 + 481 + 276*b - 106*b. Is m(16) a composite number?
False
Let m = 15287 - -15256. Is m composite?
True
Let d = -65 + 70. Suppose 0*c - 13638 = -4*c - d*p, -2*c + 6812 = -p. Is c prime?
True
Let a(k) = -20*k**3 - 242*k**2 - 18*k + 14. Is a(-19) a composite number?
True
Let y(x) = -54*x**3 - 6*x**2 + 9*x - 6. Let u be y(-10). Is (-2)/(-3)*2*u/32 a prime number?
True
Suppose -b + n = -2458, b - n - 2463 = -5*n. Let c(s) = -s - 9. Let x be c(-12). Suppose -b = -x*o + 2*o. Is o composite?
False
Suppose -3*k = -4*z - 2179, 6*k - 2*k = -12. Let w = 2272 - z. Is w prime?
True
Suppose -193*y + 142056 = -169*y. Is y a prime number?
False
Let b = 15525 - 10801. Suppose -1061 = 3*w - b. Suppose 0 = 4*t - 5*x - w, 3*x = 3*t - 303 - 615. Is t prime?
False
Suppose -7*v - 8 = -11*v - 3*h, 0 = 3*v + 3*h - 3. Suppose 0 = 3*r - 7 + 16, 0 = v*j - 5*r - 54530. Is j prime?
True
Let x = 502 - 499. Suppose 0 = 5*i - u + 4*u - 59255, x*i = -5*u + 35553. Is i a prime number?
False
Is -65387*(-43)/903 - (-1 - (-5)/3) a prime number?
False
Let p(b) = -9*b - 8. Let f be p(-1). Let z be 3 + 16/4 + (-2)/f. Suppose 1017 + 278 = z*i. Is i a prime number?
False
Suppose -13 = 2*h + 3. Let y be (-3)/6 - 66/h*374. Let l = -1454 + y. Is l composite?
True
Let i(a) = -11*a**2 + 15*a + 21. Let y be i(-5). Suppose 336 = 2*w - 1112. Let p = y + w. Is p a composite number?
True
Let x = -81249 - -139166. Is x prime?
True
Let l(j) = -j**3 + 10*j**2 + 17*j + 89. Let d be l(12). Suppose 5*x - 5*i - 382 = 878, 3*x = d*i + 746. Is x a composite number?
False
Let h(y) = 114*y - 1. Suppose -i = s + 2*i - 7, 3*s + 4*i = 11. Suppose -m - b + 9 = 0, -5*b + s = -m - b. Is h(m) a composite number?
False
Suppose 7200*o - 7206*o = -3168174. Is o prime?
False
Suppose 3497 = 2*v + 3*w, -5*v + 5*w + 12392 = 3587. Let i = 394 - -689. Let f = v - i. Is f a composite number?
False
Let p be (-5)/(-60) + (-3 - (-1245020)/48). Let u = p + -9994. Is u prime?
False
Let k = -84 + 89. Let o(i) = k*i**2 + 11*i**2 - 12*i - 4*i**2 - 41. Is o(-11) prime?
True
Suppose 212*k - 28898089 - 21438772 = -135*k. Is k a prime number?
True
Suppose -5*y - 5*i + 25 = 0, 6*y + i = 10*y - 25. Is (29388/(-16) + y)/((-3)/12) composite?
True
Let b be (1176/(-70))/(2/(-10)). Let n = b + -82. Suppose -l + 1257 = n*l. Is l a composite number?
False
Suppose 12*h - 7*h = -60. Let m be (-2 - -1)*(-5 - h/2). Is 28/7 + 2 + 1356 + m composite?
False
Let d be (4 - (-19)/(-5)) + (-12571)/5. Is (1 - 8/6)*d composite?
True
Let t = 2721 + -238. Suppose 8*d - 5589 - t = 0. Is d a composite number?
False
Let r be -27*6/9 + 2/2. Let c(b) = -26*b + 75. Is c(r) a prime number?
False
Let t = 73 - 143. Is (-20)/t + (1998/14 - 0) a prime number?
False
Let d(x) = -x**2 + 5. Let r be d(-3). Let q(s) = 61*s + 1. Let g be q(r). Let a = g - -400. Is a composite?
False
Let c(i) be the third derivative of -i**6/12 - i**5/4 + i**4/2 - i**3 - 20*i**2 - 1. Suppose 5*g + 16 = g - 4*v, 4*g = 2*v - 34. Is c(g) a composite number?
True
Suppose 5*i + 97 = -4*c, i + 41 = -c - c. Let t be -3 - (c + 2)/2. Suppose 2*w - t*o = 143, -w + 5*o + 365 = 4*w. Is w a composite number?
True
Let d(o) = 3*o**3 - 2*o**2 - o. Let b be d(2). Let z(l) be the second derivative of 17*l**3/6 + 13*l**2/2 + 9*l. Is z(b) composite?
False
Let o(r) = r**3 + 12*r**2 + 12*r + 17. Suppose 0 = z - 5*k - 9, -z + 6*z = -3*k - 67. Let u be o(z). Suppose -331 + 6133 = u*m. Is m prime?
True
Let r = -189 + 114. Let p = r - -73. Is p/(-3*8/6756) composite?
False
Let p(c) be the second derivative of 0 - 36*c + 41*c**3 - 13/2*c**2. Is p(18) a composite number?
True
Let p(v) = 15*v**2 - 62*v - 1357. Is p(162) composite?
True
Is (-6433)/(-6*(-5)/(-1410)) - -8 a composite number?
True
Let k(y) = -y**2 - 2*y - 1. Let o(j) = 17*j**2 - 24*j - 33. Let t(r) = 4*k(r) + o(r). Is t(14) a prime number?
True
Suppose 230*c - 179*c = 286773. Is c a composite number?
False
Let w(l) = 187*l**2 - 549*l - 57. Is w(-17) a prime number?
False
Suppose -47*r + 30 = -37*r. Suppose 0*y = -y + 2871. Suppose -3*c + 1406 + 303 = 5*o, -5*c = -r*o - y. Is c a prime number?
False
Suppose 0 = 5*k - 252694 + 34569. Let t = 72124 - k. Is t composite?
False
Let o = -340 - -533. Suppose f + v = 22 + o, -4*f = 2*v - 852. Is f a prime number?
True
Let s(c) = -3*c**3 - 4*c**2 - 2*c - 2. Let r be s(-2). Is (-31317)/(-195) - ((-14)/r + 1) a composite number?
True
Let b(r) = -14*r**3 + 2*r**2 - 70*r - 657. Is b(-10) composite?
False
Let b be (41937 - 77) + 6/4*-2. Suppose -77*a = -96*a + b. Is a a prime number?
True
Suppose 4*t - 20 = 128. Let m = 41 - t. Suppose -6533 = -m*z - 5*b, 470 - 3750 = -2*z + 2*b. Is z prime?
True
Suppose 2*i + 4216 + 1396 = 0. Let k = i - -4859. Is k a prime number?
True
Suppose 9*z + 177793 = 914344. Is z a prime number?
True
Let v = -1124 + 582. Let s = -249 - v. Is s prime?
True
Let l = -7339 + 13611. Let h = l - 1955. Suppose 19*m = 16*m + h. Is m a composite number?
False
Suppose 0 = 3*w + 3, 0 = 6*k - 9*k + 2*w + 62. Suppose -k = 5*g - 10*g. Suppose g*o + 3*z + 2*z - 6615 = 0, z = -1. Is o prime?
False
Let r(o) = -o. Let m(c) = 3*c + 16. Let q(p) = -2*m(p) - 4*r(p). Let x be q(-18). Suppose -3*a = x*z - 731, -2*z - 4*a = -z - 199. Is z a composite number?
False
Suppose 0*o - 9*o = -36. Suppose -x + 5*s = -317, -2*x + o*s + 995 = x. Is x a prime number?
True
Suppose 3*w + 12 = 7*w. Suppose 0 = -2*m + 1 + w. Suppose -m*o + o = 4*g - 3407, o = 2*g - 1699. Is g a prime number?
False
Suppose 3*r + 19196 = m, 3*r - 67149 = -5*m + 28813. Is m a composite number?
True
Suppose 3*g - 14 = 5*h, 5*h + 2*g + 24 = -0*g. Let p be 0 + h/(-2) - -14. Is (-9033)/(-12) - (-4)/p prime?
False
Suppose 0 = m + 2*p - 58477, -p + 50231 + 66711 = 2*m. Is m prime?
False
Let o(p) = -3*p**3 - 5*p**2 + 2*p + 4. Let h = -18 - -16. Let w be o(h). Suppose 0 = w*b - 646 - 2478. Is b composite?
True
Suppose 3*z = -60 + 12. Is (z/(-8) - 3/3)*3613 composite?
False
Let s = 30277 + -7854. Suppose 0 = -14*c + s - 7401. Is c a composite number?
True
Let q(j) = j**2 + j + 1. Let v(h) = -56*h**2 - 5*h - 4. Let c(d) = -2*q(d) - v(d). Suppose 0 = -4*b + 2*u - 4, -4*u + 4 = -2*b + 2. Is c(b) prime?
True
Let z = 40 + -40. Suppose 13*m - 15*m + 6 = z. Suppose -3*c - 534 - 910 = -x, -m*c - 5767 = -4*x. Is x composite?
True
Suppose 40*w - 24635160 = 58*w. Is w/(-308) - 4/7 prime?
False
Let d(j) = -15089*j**3 + j**2 - 5*j + 4. Let f(c) = 45266*c**3 - 3*c**2 + 15*c - 12. Let b(o) = -7*d(o) - 2*f(o). Is b(1) prime?
True
Let a = -378836 - -691509. Is